 the greatest common factor of 783643 and 301.
7
What is the greatest common factor of 8613263 and 613?
613
What is the greatest common factor of 52 and 7453576?
52
What is the greatest common divisor of 148676 and 238601?
1199
Calculate the greatest common divisor of 18296590 and 1948.
974
What is the greatest common divisor of 2024 and 176497816?
88
Calculate the greatest common factor of 9057 and 7827.
3
What is the highest common divisor of 1620 and 233060?
20
Calculate the highest common divisor of 924658 and 826.
14
What is the highest common divisor of 12035342 and 99?
11
Calculate the highest common factor of 406560950 and 19724.
9862
What is the highest common factor of 4390 and 302089070?
4390
Calculate the highest common divisor of 4707 and 1323713.
523
What is the highest common divisor of 5535528 and 6?
6
Calculate the highest common factor of 33524 and 14969452.
1972
What is the highest common factor of 2351310 and 300?
30
What is the highest common factor of 81381504 and 768?
384
What is the highest common divisor of 243 and 4404933?
9
What is the highest common divisor of 138020 and 565985?
515
Calculate the highest common factor of 13799252 and 4167.
463
What is the highest common divisor of 3909489816 and 2568?
2568
What is the greatest common factor of 121264 and 4019626?
1378
What is the highest common divisor of 195520 and 117680?
80
Calculate the greatest common divisor of 76 and 298808.
4
Calculate the greatest common factor of 2575 and 56547.
103
Calculate the highest common factor of 90 and 53999910.
90
Calculate the highest common factor of 1512 and 35805861.
189
Calculate the greatest common divisor of 2918 and 278877637.
1459
What is the greatest common divisor of 1262262220 and 815?
815
What is the highest common factor of 954276972 and 11?
11
Calculate the greatest common factor of 9184 and 55477920.
1312
What is the highest common factor of 250903 and 3978?
17
What is the greatest common divisor of 209312112 and 96?
48
What is the highest common divisor of 5448 and 320302902?
1362
Calculate the highest common divisor of 330 and 3401935.
5
Calculate the highest common divisor of 42 and 27739110.
42
Calculate the greatest common divisor of 55492110 and 90.
90
Calculate the highest common divisor of 51501578 and 5862.
1954
Calculate the highest common divisor of 1358 and 3722957.
679
What is the highest common factor of 88 and 86129703?
11
What is the greatest common factor of 1324 and 126414196?
1324
Calculate the greatest common divisor of 80 and 4967970.
10
Calculate the greatest common factor of 91839 and 557106.
759
What is the greatest common divisor of 852 and 9828540?
12
What is the highest common divisor of 66944 and 33344?
64
Calculate the highest common factor of 6 and 32960346.
6
Calculate the greatest common factor of 1341 and 5513447.
149
What is the highest common divisor of 792 and 3834171?
99
What is the highest common divisor of 437754796 and 8916?
2972
What is the highest common divisor of 7 and 42504483?
7
Calculate the highest common factor of 68918240 and 480.
160
Calculate the greatest common divisor of 399 and 75744583.
19
Calculate the greatest common divisor of 702416640 and 8.
8
Calculate the greatest common factor of 6443 and 402877.
379
What is the highest common factor of 2121548 and 1287?
143
What is the highest common divisor of 37859424 and 72?
24
Calculate the greatest common factor of 241649720 and 10140.
3380
What is the highest common factor of 114 and 17125023?
57
What is the greatest common divisor of 468393324 and 23793?
2163
What is the highest common divisor of 17980368 and 72?
24
Calculate the highest common factor of 125 and 436550.
25
What is the greatest common factor of 783147035 and 55?
55
What is the highest common divisor of 127699 and 228?
19
Calculate the greatest common factor of 70 and 986930.
70
Calculate the highest common factor of 107415 and 185.
5
What is the highest common divisor of 41054 and 10544562?
3158
What is the greatest common divisor of 6826230 and 306505?
5195
Calculate the highest common divisor of 949669 and 1848.
7
What is the highest common divisor of 3190680 and 3320?
40
What is the greatest common divisor of 398 and 218753934?
398
Calculate the greatest common factor of 730392 and 1770288.
312
Calculate the greatest common factor of 93577 and 6434912.
1991
Calculate the greatest common divisor of 99872 and 177760.
32
Calculate the greatest common factor of 2175 and 3202325.
725
Calculate the highest common factor of 29195559 and 972.
81
Calculate the greatest common factor of 662 and 26716334.
662
Calculate the greatest common factor of 67064 and 37976.
808
Calculate the greatest common divisor of 8541839 and 52144.
3259
Calculate the greatest common factor of 302622 and 13857.
93
What is the greatest common factor of 18389 and 31129?
7
Calculate the highest common divisor of 393 and 47301.
3
What is the greatest common divisor of 6814 and 40744313?
3407
What is the highest common factor of 405 and 7773240?
15
Calculate the highest common divisor of 893831 and 210757.
503
What is the highest common divisor of 34440 and 2785048?
2296
What is the greatest common divisor of 4824 and 1005624?
72
What is the greatest common factor of 697159 and 4707?
523
Calculate the greatest common divisor of 25275 and 3457620.
5055
What is the highest common divisor of 5200 and 13717925?
325
What is the highest common divisor of 357907 and 23683?
11
Calculate the highest common factor of 20986 and 25611914.
2998
What is the highest common factor of 1891 and 392352?
61
What is the highest common divisor of 9503 and 356778439?
731
Calculate the greatest common divisor of 28963456 and 19122.
6374
Calculate the highest common divisor of 17771 and 35971.
13
What is the highest common factor of 288422716 and 55916?
7988
What is the highest common factor of 18037333 and 29?
29
What is the highest common factor of 1015 and 121152395?
35
Calculate the highest common divisor of 431 and 17288703.
431
What is the highest common factor of 100396458 and 204?
102
Calculate the greatest common factor of 1232687 and 738208.
1003
What is the highest common factor of 9460 and 11365244?
1892
What is the highest common divisor of 3286 and 1283648?
62
Calculate the greatest common factor of 47656 and 4928.
56
What is the highest common factor of 37149318 and 1530?
306
What is the highest common factor of 86608 and 512?
16
Calculate the greatest common factor of 310 and 9623330.
310
Calculate the greatest common factor of 41438960 and 88580.
2060
Calculate the greatest common factor of 75043 and 110797.
101
What is the highest common factor of 520 and 178370?
10
What is the greatest common factor of 90 and 140639490?
90
What is the greatest common divisor of 3144786 and 50304?
786
Calculate the highest common divisor of 7210982 and 452.
226
What is the highest common divisor of 785398764 and 372?
372
What is the greatest common factor of 233820 and 439884?
108
What is the highest common divisor of 61439 and 1820?
7
What is the greatest common factor of 550944 and 185561?
1913
Calculate the greatest common divisor of 9380 and 510020.
140
Calculate the highest common divisor of 26725 and 79677915.
5345
Calculate the highest common factor of 187426724 and 92.
92
What is the highest common factor of 12 and 4784460?
12
Calculate the highest common factor of 42005 and 1231695.
1355
What is the highest common divisor of 174946719 and 366?
183
What is the highest common factor of 1065 and 8487?
3
Calculate the greatest common divisor of 160586279 and 11464.
1433
Calculate the highest common divisor of 10639936 and 1386076.
8012
Calculate the greatest common divisor of 10801623 and 429177.
4011
What is the highest common factor of 940234 and 219526?
4142
Calculate the highest common divisor of 564582 and 8176.
146
What is the highest common divisor of 1166300 and 600?
100
Calculate the greatest common factor of 48432 and 6672.
48
Calculate the greatest common divisor of 35160 and 93840.
120
What is the greatest common factor of 15959354 and 457?
457
Calculate the highest common divisor of 117897 and 9841.
13
What is the highest common divisor of 602107 and 210947?
1397
Calculate the gr